{"id":10501,"date":"2025-07-22T10:46:06","date_gmt":"2025-07-22T08:46:06","guid":{"rendered":"https:\/\/help.eco-visio.net\/?page_id=10501"},"modified":"2025-12-23T09:21:21","modified_gmt":"2025-12-23T08:21:21","slug":"webinaires-offre-light","status":"publish","type":"page","link":"https:\/\/help.eco-visio.net\/index.php\/fr\/webinaires-offre-light\/","title":{"rendered":"Webinaires Offre LIGHT"},"content":{"rendered":"<p>[vc_row row_content_display=&#8221;in_grid&#8221; row_content_display_align=&#8221;left&#8221; row_type=&#8221;row&#8221; stretch_row_type=&#8221;yes&#8221;][vc_column][vc_column_text]<img loading=\"lazy\" decoding=\"async\" class=\"size-medium wp-image-4712 aligncenter\" src=\"https:\/\/help.eco-visio.net\/wp-content\/uploads\/2023\/12\/Fichier-1@1000x-300x210.png\" alt=\"L'offre LIGHT vous donne acc\u00e8s aux fonctionnalit\u00e9s de base d'Eco-Visio.\" width=\"300\" height=\"210\" \/><\/p>\n<p style=\"text-align: center;\">Pr\u00e9sentation des fonctionnalit\u00e9s, analyses et services inclus dans le cadre de votre offre.<\/p>\n<p>[\/vc_column_text][\/vc_column][\/vc_row][vc_row row_content_display=&#8221;in_grid&#8221; row_content_display_align=&#8221;left&#8221; row_type=&#8221;row&#8221; stretch_row_type=&#8221;yes&#8221;][vc_column][vc_message]Pour naviguer entre les chapitres, cliquez sur l&#8217;ic\u00f4ne &#8220;playlist&#8221; dans le coin sup\u00e9rieur droit de la vid\u00e9o. <img loading=\"lazy\" decoding=\"async\" class=\"alignnone size-full wp-image-10806\" src=\"https:\/\/help.eco-visio.net\/wp-content\/uploads\/2025\/12\/youtube-playlist-icon.png\" alt=\"\" width=\"43\" height=\"35\" \/><\/p>\n<p>[\/vc_message][\/vc_column][\/vc_row][vc_row row_content_display=&#8221;in_grid&#8221; row_content_display_align=&#8221;left&#8221; row_type=&#8221;row&#8221; stretch_row_type=&#8221;yes&#8221;][vc_column][vc_raw_html el_id=&#8221;formationlight-YT&#8221;]JTNDZGl2JTIwc3R5bGUlM0QlMjJ3aWR0aCUzQTEwMCUyNSUzQnRleHQtYWxpZ24lM0FjZW50ZXIlM0IlMjIlM0UlM0NpZnJhbWUlMjB3aWR0aCUzRCUyMjcyMCUyMiUyMGhlaWdodCUzRCUyMjQwNSUyMiUyMHNyYyUzRCUyMmh0dHBzJTNBJTJGJTJGd3d3LnlvdXR1YmUtbm9jb29raWUuY29tJTJGZW1iZWQlMkZ2aWRlb3NlcmllcyUzRnNpJTNET3VEOUFJUVI4YUhMVmNtQiUyNmFtcCUzQmxpc3QlM0RQTGhFcGxsOFRVYTlCRDFxaFN0UkZsUmx6Wk5wOGM1b0gxJTI2YW1wJTNCaGwlM0RmciUyNm1vZGVzdGJyYW5kaW5nJTNEMSUyNmFtcCUzQnJlbCUzRDAlMjIlMjB0aXRsZSUzRCUyMllvdVR1YmUlMjB2aWRlbyUyMHBsYXllciUyMiUyMGZyYW1lYm9yZGVyJTNEJTIyMSUyMiUyMGFsbG93JTNEJTIyYWNjZWxlcm9tZXRlciUzQiUyMGF1dG9wbGF5JTNCJTIwY2xpcGJvYXJkLXdyaXRlJTNCJTIwZW5jcnlwdGVkLW1lZGlhJTNCJTIwZ3lyb3Njb3BlJTNCJTIwcGljdHVyZS1pbi1waWN0dXJlJTNCJTIwd2ViLXNoYXJlJTIyJTIwcmVmZXJyZXJwb2xpY3klM0QlMjJzdHJpY3Qtb3JpZ2luLXdoZW4tY3Jvc3Mtb3JpZ2luJTIyJTIwYWxsb3dmdWxsc2NyZWVuJTNFJTNDJTJGaWZyYW1lJTNFJTNDJTJGZGl2JTNF[\/vc_raw_html][\/vc_column][\/vc_row][vc_row row_content_display=&#8221;in_grid&#8221; row_content_display_align=&#8221;left&#8221; row_type=&#8221;row&#8221; stretch_row_type=&#8221;yes&#8221;][vc_column][vc_message]Les formations sont pr\u00e9vues pour les utilisateurs francophones.<br \/>\n<!--\n\n\n<ul>\n \t\n\n<li style=\"list-style-type: none;\">\n\n\n<ul>\n \t\n\n<li><\/li>\n\n\n<\/ul>\n\n\n<\/li>\n\n\n<\/ul>\n\n\n \t\n\n<li>Les cr\u00e9neaux sont positionn\u00e9s pour r\u00e9pondre aux besoins de toutes les zones g\u00e9ographiques.<\/li>\n\n\n \t\n\n<li>Si aucune date ne convenait, nous pouvons vous faire parvenir un replay.<\/li>\n\n\n--><\/p>\n<p>N\u2019h\u00e9sitez pas \u00e0 contacter <a href=\"mailto:satisfaction@eco-compteur.com\">satisfaction@eco-compteur.com<\/a> pour les clients francophones europ\u00e9ens et <a href=\"mailto:csm@eco-counter.com\">csm@eco-counter.com<\/a> pour les clients francophones nord-am\u00e9ricains.[\/vc_message][\/vc_column][\/vc_row][vc_row row_content_display=&#8221;in_grid&#8221; row_content_display_align=&#8221;left&#8221; row_type=&#8221;row&#8221; stretch_row_type=&#8221;yes&#8221;][vc_column][vc_raw_html el_class=&#8221;formulaire-inscription&#8221;]JTNDJTIxLS0lMjAlM0NzdHlsZSUzRSUwQS5idG4lMjAlN0IlMEFkaXNwbGF5JTNBJTIwbm9uZSUzQiUwQSU3RCUwQSUzQyUyRnN0eWxlJTNFJTBBJTBBJTNDc2VsZWN0JTIwaWQlM0QlMjJzZWxlY3QlMjIlM0UlMEElM0NvcHRpb24lMjB2YWx1ZSUzRCUyMiUyMiUyMHNlbGVjdGVkJTIwaGlkZGVuJTNFUyVDMyVBOWxlY3Rpb25uZXIlMjB2b3RyZSUyMGRhdGUlM0MlMkZvcHRpb24lM0UlMEElM0NvcHRpb24lMjB2YWx1ZSUzRCUyMmxpZ2h0LWp1aW4lMjIlM0VNYXJkaSUyMDI0JTIwanVpbiUyMDIwMjUlMjAxMGgzMC0xMWglM0MlMkZvcHRpb24lM0UlMEElM0NvcHRpb24lMjB2YWx1ZSUzRCUyMmxpZ2h0LWp1aWxsZXQlMjIlM0VNYXJkaSUyMDIyJTIwanVpbGxldCUyMDIwMjUlMjAxNWgtMTVoMzAlM0MlMkZvcHRpb24lM0UlMEElM0NvcHRpb24lMjB2YWx1ZSUzRCUyMmxpZ2h0LXNlcHRlbWJyZSUyMiUzRU1lcmNyZWRpJTIwMTclMjBzZXB0ZW1icmUlMjAyMDI1JTIwMTFoLTExaDMwJTNDJTJGb3B0aW9uJTNFJTBBJTNDb3B0aW9uJTIwdmFsdWUlM0QlMjJsaWdodC1vY3RvYnJlJTIyJTNFTWFyZGklMjAxNCUyMG9jdG9icmUlMjAyMDI1JTIwMTBoLTEwaDMwJTNDJTJGb3B0aW9uJTNFJTBBJTNDb3B0aW9uJTIwdmFsdWUlM0QlMjJsaWdodC1ub3ZlbWJyZSUyMiUzRU1hcmRpJTIwMTglMjBub3ZlbWJyZSUyMDIwMjUlMjAxNGgtMTRoMzAlM0MlMkZvcHRpb24lM0UlMEElM0NvcHRpb24lMjB2YWx1ZSUzRCUyMmxpZ2h0LWRlY2VtYnJlJTIyJTNFTWVyY3JlZGklMjAxMCUyMGQlQzMlQTljZW1icmUlMjAyMDI1JTIwMTBoLTEwaDMwJTNDJTJGb3B0aW9uJTNFJTBBJTNDJTJGc2VsZWN0JTNFJTBBJTBBJTNDZGl2JTIwY2xhc3MlM0QlMjJwcmljaW5nLWJ0biUyMiUzRSUwQSUyMCUyMCUyMCUyMCUzQ2ElMjBocmVmJTNEJTIyaHR0cHMlM0ElMkYlMkZ1czAyd2ViLnpvb20udXMlMkZ3ZWJpbmFyJTJGcmVnaXN0ZXIlMkZXTl9mYVlVeVZXSlRZMmNGclhqMzFPaDB3JTIyJTIwY2xhc3MlM0QlMjJidG4lMjIlMjBidXR0b24lM0QlMjJsaWdodC1qdWluJTIyJTIwdGFyZ2V0JTNEJTIyX2JsYW5rJTIyJTNFUyUyN2luc2NyaXJlJTNDJTJGYSUzRSUwQSUzQyUyRmRpdiUzRSUwQSUzQ2RpdiUyMGNsYXNzJTNEJTIycHJpY2luZy1idG4lMjIlM0UlMEElMjAlMjAlMjAlMjAlM0NhJTIwaHJlZiUzRCUyMmh0dHBzJTNBJTJGJTJGdXMwMndlYi56b29tLnVzJTJGd2ViaW5hciUyRnJlZ2lzdGVyJTJGV05fMEswWWJqS0VSSldVNVp6dFRGdzhWQSUyMiUyMGNsYXNzJTNEJTIyYnRuJTIyJTIwYnV0dG9uJTNEJTIybGlnaHQtanVpbGxldCUyMiUyMHRhcmdldCUzRCUyMl9ibGFuayUyMiUzRVMlMjdpbnNjcmlyZSUzQyUyRmElM0UlMEElM0MlMkZkaXYlM0UlMEElM0NkaXYlMjBjbGFzcyUzRCUyMnByaWNpbmctYnRuJTIyJTNFJTBBJTIwJTIwJTIwJTIwJTNDYSUyMGhyZWYlM0QlMjJodHRwcyUzQSUyRiUyRnVzMDJ3ZWIuem9vbS51cyUyRndlYmluYXIlMkZyZWdpc3RlciUyRldOX0Z1cS14dVQ1VHF5M3FTSFdYQVA3elElMjIlMjBjbGFzcyUzRCUyMmJ0biUyMiUyMGJ1dHRvbiUzRCUyMmxpZ2h0LXNlcHRlbWJyZSUyMiUyMHRhcmdldCUzRCUyMl9ibGFuayUyMiUzRVMlMjdpbnNjcmlyZSUzQyUyRmElM0UlMEElM0MlMkZkaXYlM0UlMEElM0NkaXYlMjBjbGFzcyUzRCUyMnByaWNpbmctYnRuJTIyJTNFJTBBJTIwJTIwJTIwJTIwJTNDYSUyMGhyZWYlM0QlMjJodHRwcyUzQSUyRiUyRnVzMDJ3ZWIuem9vbS51cyUyRndlYmluYXIlMkZyZWdpc3RlciUyRldOX1JJSFJZRUwyUURLNlFnLTZRdlgxVXclMjIlMjBjbGFzcyUzRCUyMmJ0biUyMiUyMGJ1dHRvbiUzRCUyMmxpZ2h0LW9jdG9icmUlMjIlMjB0YXJnZXQlM0QlMjJfYmxhbmslMjIlM0VTJTI3aW5zY3JpcmUlM0MlMkZhJTNFJTBBJTNDJTJGZGl2JTNFJTBBJTNDZGl2JTIwY2xhc3MlM0QlMjJwcmljaW5nLWJ0biUyMiUzRSUwQSUyMCUyMCUyMCUyMCUzQ2ElMjBocmVmJTNEJTIyaHR0cHMlM0ElMkYlMkZ1czAyd2ViLnpvb20udXMlMkZ3ZWJpbmFyJTJGcmVnaXN0ZXIlMkZXTl95YnZ1UFB4cVRHcVl5TU5GRHQ1NjJBJTIyJTIwY2xhc3MlM0QlMjJidG4lMjIlMjBidXR0b24lM0QlMjJsaWdodC1ub3ZlbWJyZSUyMiUyMHRhcmdldCUzRCUyMl9ibGFuayUyMiUzRVMlMjdpbnNjcmlyZSUzQyUyRmElM0UlMEElM0MlMkZkaXYlM0UlMEElM0NkaXYlMjBjbGFzcyUzRCUyMnByaWNpbmctYnRuJTIyJTNFJTBBJTIwJTIwJTIwJTIwJTNDYSUyMGhyZWYlM0QlMjJodHRwcyUzQSUyRiUyRnVzMDJ3ZWIuem9vbS51cyUyRndlYmluYXIlMkZyZWdpc3RlciUyRldOX1dvdjlYb1pXUXRXN2V5YmVFQzdPeUElMjIlMjBjbGFzcyUzRCUyMmJ0biUyMiUyMGJ1dHRvbiUzRCUyMmxpZ2h0LWRlY2VtYnJlJTIyJTIwdGFyZ2V0JTNEJTIyX2JsYW5rJTIyJTNFUyUyN2luc2NyaXJlJTNDJTJGYSUzRSUwQSUzQyUyRmRpdiUzRSUyMC0tJTNF[\/vc_raw_html][vc_raw_js]JTNDc2NyaXB0JTNFJTBBZG9jdW1lbnQuZ2V0RWxlbWVudEJ5SWQlMjglMjJzZWxlY3QlMjIlMjkuYWRkRXZlbnRMaXN0ZW5lciUyOCUyMmNoYW5nZSUyMiUyQyUyMCUyOGV2JTI5JTIwJTNEJTNFJTIwJTdCJTBBJTIwJTIwdmFyJTIwYnV0dG9uSWQlMjAlM0QlMjBkb2N1bWVudC5nZXRFbGVtZW50QnlJZCUyOCUyMnNlbGVjdCUyMiUyOS52YWx1ZSUzQiUwQSUyMCUyMHZhciUyMGJ1dHRvbiUyMCUzRCUyMGRvY3VtZW50LnF1ZXJ5U2VsZWN0b3IlMjglMjclNUJidXR0b24lM0QlMjIlMjclMjAlMkIlMjBidXR0b25JZCUyMCUyQiUyMCUyNyUyMiU1RCUyNyUyOSUzQiUwQSUyMCUyMHZhciUyMGJ1dHRvbnMlMjAlM0QlMjBkb2N1bWVudC5xdWVyeVNlbGVjdG9yQWxsJTI4JTIyLmJ0biUyMiUyOS5mb3JFYWNoJTI4ZWwlMjAlM0QlM0UlMjAlN0IlMEElMjAlMjAlMjAlMjBlbC5zdHlsZS5kaXNwbGF5JTIwJTNEJTIwJTI3bm9uZSUyNyUzQiUwQSUyMCUyMCU3RCUyOSUzQiUwQSUyMCUyMGJ1dHRvbi5zdHlsZS5kaXNwbGF5JTIwJTNEJTIwJTI3YmxvY2slMjclM0IlMEElN0QlMjklM0IlMjAlMEElM0MlMkZzY3JpcHQlM0U=[\/vc_raw_js][\/vc_column][\/vc_row]<\/p>\n","protected":false},"excerpt":{"rendered":"<p>[vc_row row_content_display=&#8221;in_grid&#8221; row_content_display_align=&#8221;left&#8221; row_type=&#8221;row&#8221; stretch_row_type=&#8221;yes&#8221;][vc_column][vc_column_text] Pr\u00e9sentation des fonctionnalit\u00e9s, analyses et services inclus dans le cadre de votre offre. [\/vc_column_text][\/vc_column][\/vc_row][vc_row row_content_display=&#8221;in_grid&#8221; row_content_display_align=&#8221;left&#8221; row_type=&#8221;row&#8221; stretch_row_type=&#8221;yes&#8221;][vc_column][vc_message]Pour naviguer entre les chapitres, cliquez sur l&#8217;ic\u00f4ne &#8220;playlist&#8221; dans le coin sup\u00e9rieur droit de la vid\u00e9o. [\/vc_message][\/vc_column][\/vc_row][vc_row row_content_display=&#8221;in_grid&#8221; row_content_display_align=&#8221;left&#8221; row_type=&#8221;row&#8221; stretch_row_type=&#8221;yes&#8221;][vc_column][vc_raw_html el_id=&#8221;formationlight-YT&#8221;]JTNDZGl2JTIwc3R5bGUlM0QlMjJ3aWR0aCUzQTEwMCUyNSUzQnRleHQtYWxpZ24lM0FjZW50ZXIlM0IlMjIlM0UlM0NpZnJhbWUlMjB3aWR0aCUzRCUyMjcyMCUyMiUyMGhlaWdodCUzRCUyMjQwNSUyMiUyMHNyYyUzRCUyMmh0dHBzJTNBJTJGJTJGd3d3LnlvdXR1YmUtbm9jb29raWUuY29tJTJGZW1iZWQlMkZ2aWRlb3NlcmllcyUzRnNpJTNET3VEOUFJUVI4YUhMVmNtQiUyNmFtcCUzQmxpc3QlM0RQTGhFcGxsOFRVYTlCRDFxaFN0UkZsUmx6Wk5wOGM1b0gxJTI2YW1wJTNCaGwlM0RmciUyNm1vZGVzdGJyYW5kaW5nJTNEMSUyNmFtcCUzQnJlbCUzRDAlMjIlMjB0aXRsZSUzRCUyMllvdVR1YmUlMjB2aWRlbyUyMHBsYXllciUyMiUyMGZyYW1lYm9yZGVyJTNEJTIyMSUyMiUyMGFsbG93JTNEJTIyYWNjZWxlcm9tZXRlciUzQiUyMGF1dG9wbGF5JTNCJTIwY2xpcGJvYXJkLXdyaXRlJTNCJTIwZW5jcnlwdGVkLW1lZGlhJTNCJTIwZ3lyb3Njb3BlJTNCJTIwcGljdHVyZS1pbi1waWN0dXJlJTNCJTIwd2ViLXNoYXJlJTIyJTIwcmVmZXJyZXJwb2xpY3klM0QlMjJzdHJpY3Qtb3JpZ2luLXdoZW4tY3Jvc3Mtb3JpZ2luJTIyJTIwYWxsb3dmdWxsc2NyZWVuJTNFJTNDJTJGaWZyYW1lJTNFJTNDJTJGZGl2JTNF[\/vc_raw_html][\/vc_column][\/vc_row][vc_row row_content_display=&#8221;in_grid&#8221; row_content_display_align=&#8221;left&#8221; row_type=&#8221;row&#8221; stretch_row_type=&#8221;yes&#8221;][vc_column][vc_message]Les formations sont pr\u00e9vues pour les utilisateurs [&hellip;]<\/p>\n","protected":false},"author":13,"featured_media":0,"parent":0,"menu_order":0,"comment_status":"closed","ping_status":"closed","template":"","meta":{"_uag_custom_page_level_css":"","footnotes":""},"class_list":["post-10501","page","type-page","status-publish","hentry"],"lang":"fr","translations":{"fr":10501},"uagb_featured_image_src":{"full":false,"thumbnail":false,"medium":false,"medium_large":false,"large":false,"1536x1536":false,"2048x2048":false,"post-thumbnail":false,"lipi-image-700x525":false},"uagb_author_info":{"display_name":"S\u00e9bastien Le Scour","author_link":"https:\/\/help.eco-visio.net\/index.php\/author\/sebastien\/"},"uagb_comment_info":0,"uagb_excerpt":"[vc_row row_content_display=&#8221;in_grid&#8221; row_content_display_align=&#8221;left&#8221; row_type=&#8221;row&#8221; stretch_row_type=&#8221;yes&#8221;][vc_column][vc_column_text] Pr\u00e9sentation des fonctionnalit\u00e9s, analyses et services inclus dans le cadre de votre offre. [\/vc_column_text][\/vc_column][\/vc_row][vc_row row_content_display=&#8221;in_grid&#8221; row_content_display_align=&#8221;left&#8221; row_type=&#8221;row&#8221; stretch_row_type=&#8221;yes&#8221;][vc_column][vc_message]Pour naviguer entre les chapitres, cliquez sur l&#8217;ic\u00f4ne &#8220;playlist&#8221; dans le coin sup\u00e9rieur droit de la vid\u00e9o. [\/vc_message][\/vc_column][\/vc_row][vc_row row_content_display=&#8221;in_grid&#8221; row_content_display_align=&#8221;left&#8221; row_type=&#8221;row&#8221; stretch_row_type=&#8221;yes&#8221;][vc_column][vc_raw_html el_id=&#8221;formationlight-YT&#8221;]JTNDZGl2JTIwc3R5bGUlM0QlMjJ3aWR0aCUzQTEwMCUyNSUzQnRleHQtYWxpZ24lM0FjZW50ZXIlM0IlMjIlM0UlM0NpZnJhbWUlMjB3aWR0aCUzRCUyMjcyMCUyMiUyMGhlaWdodCUzRCUyMjQwNSUyMiUyMHNyYyUzRCUyMmh0dHBzJTNBJTJGJTJGd3d3LnlvdXR1YmUtbm9jb29raWUuY29tJTJGZW1iZWQlMkZ2aWRlb3NlcmllcyUzRnNpJTNET3VEOUFJUVI4YUhMVmNtQiUyNmFtcCUzQmxpc3QlM0RQTGhFcGxsOFRVYTlCRDFxaFN0UkZsUmx6Wk5wOGM1b0gxJTI2YW1wJTNCaGwlM0RmciUyNm1vZGVzdGJyYW5kaW5nJTNEMSUyNmFtcCUzQnJlbCUzRDAlMjIlMjB0aXRsZSUzRCUyMllvdVR1YmUlMjB2aWRlbyUyMHBsYXllciUyMiUyMGZyYW1lYm9yZGVyJTNEJTIyMSUyMiUyMGFsbG93JTNEJTIyYWNjZWxlcm9tZXRlciUzQiUyMGF1dG9wbGF5JTNCJTIwY2xpcGJvYXJkLXdyaXRlJTNCJTIwZW5jcnlwdGVkLW1lZGlhJTNCJTIwZ3lyb3Njb3BlJTNCJTIwcGljdHVyZS1pbi1waWN0dXJlJTNCJTIwd2ViLXNoYXJlJTIyJTIwcmVmZXJyZXJwb2xpY3klM0QlMjJzdHJpY3Qtb3JpZ2luLXdoZW4tY3Jvc3Mtb3JpZ2luJTIyJTIwYWxsb3dmdWxsc2NyZWVuJTNFJTNDJTJGaWZyYW1lJTNFJTNDJTJGZGl2JTNF[\/vc_raw_html][\/vc_column][\/vc_row][vc_row row_content_display=&#8221;in_grid&#8221; row_content_display_align=&#8221;left&#8221; row_type=&#8221;row&#8221; stretch_row_type=&#8221;yes&#8221;][vc_column][vc_message]Les formations sont pr\u00e9vues pour les utilisateurs&hellip;","pll_sync_post":[],"_links":{"self":[{"href":"https:\/\/help.eco-visio.net\/index.php\/wp-json\/wp\/v2\/pages\/10501","targetHints":{"allow":["GET"]}}],"collection":[{"href":"https:\/\/help.eco-visio.net\/index.php\/wp-json\/wp\/v2\/pages"}],"about":[{"href":"https:\/\/help.eco-visio.net\/index.php\/wp-json\/wp\/v2\/types\/page"}],"author":[{"embeddable":true,"href":"https:\/\/help.eco-visio.net\/index.php\/wp-json\/wp\/v2\/users\/13"}],"replies":[{"embeddable":true,"href":"https:\/\/help.eco-visio.net\/index.php\/wp-json\/wp\/v2\/comments?post=10501"}],"version-history":[{"count":9,"href":"https:\/\/help.eco-visio.net\/index.php\/wp-json\/wp\/v2\/pages\/10501\/revisions"}],"predecessor-version":[{"id":10810,"href":"https:\/\/help.eco-visio.net\/index.php\/wp-json\/wp\/v2\/pages\/10501\/revisions\/10810"}],"wp:attachment":[{"href":"https:\/\/help.eco-visio.net\/index.php\/wp-json\/wp\/v2\/media?parent=10501"}],"curies":[{"name":"wp","href":"https:\/\/api.w.org\/{rel}","templated":true}]}}